{"id":41,"date":"2025-07-06T11:03:36","date_gmt":"2025-07-06T09:03:36","guid":{"rendered":"http:\/\/new.photoeil86.fr\/?page_id=41"},"modified":"2025-07-06T11:08:35","modified_gmt":"2025-07-06T09:08:35","slug":"le-club","status":"publish","type":"page","link":"https:\/\/photoeil86.fr\/index.php\/le-club\/","title":{"rendered":"Le Club"},"content":{"rendered":"\n<figure class=\"wp-block-pullquote\"><blockquote><p>\ud83d\udcf8 <strong>Photoeil86 : L&rsquo;\u0153il aiguis\u00e9 des passionn\u00e9s de photographie<\/strong> \ud83d\udc41\ufe0f<\/p><\/blockquote><\/figure>\n\n\n\n<div class=\"wp-block-media-text is-stacked-on-mobile\" style=\"grid-template-columns:45% auto\"><figure class=\"wp-block-media-text__media\"><img fetchpriority=\"high\" decoding=\"async\" width=\"1024\" height=\"576\" src=\"http:\/\/new.photoeil86.fr\/wp-content\/uploads\/2025\/06\/pelemele-photoeil-2023-B-copie-2-1024x576.jpg\" alt=\"\" class=\"wp-image-29 size-full\" srcset=\"https:\/\/photoeil86.fr\/wp-content\/uploads\/2025\/06\/pelemele-photoeil-2023-B-copie-2-1024x576.jpg 1024w, https:\/\/photoeil86.fr\/wp-content\/uploads\/2025\/06\/pelemele-photoeil-2023-B-copie-2-300x169.jpg 300w, https:\/\/photoeil86.fr\/wp-content\/uploads\/2025\/06\/pelemele-photoeil-2023-B-copie-2-768x432.jpg 768w, https:\/\/photoeil86.fr\/wp-content\/uploads\/2025\/06\/pelemele-photoeil-2023-B-copie-2-1536x864.jpg 1536w, https:\/\/photoeil86.fr\/wp-content\/uploads\/2025\/06\/pelemele-photoeil-2023-B-copie-2.jpg 1920w\" sizes=\"(max-width: 1024px) 100vw, 1024px\" \/><\/figure><div class=\"wp-block-media-text__content\">\n<p>Au c\u0153ur de Dissay, Photoeil86 r\u00e9unit une vingtaine de passionn\u00e9s de photographie, amateurs \u00e9clair\u00e9s ou experts chevronn\u00e9s, tous anim\u00e9s par le plaisir de capturer le monde sous un angle unique.<\/p>\n<\/div><\/div>\n\n\n\n<p id=\"block-895aacb9-3c07-4132-a5f2-486c32725422\">Le club est men\u00e9 avec brio par&nbsp;<strong>Dominique Lusseau<\/strong>, notre pr\u00e9sident. \u00c0 ses c\u00f4t\u00e9s,&nbsp;<strong>Marie Gautreau<\/strong>, tr\u00e9sori\u00e8re en or, veille au budget, tandis que&nbsp;<strong>Thibault Carcaillon<\/strong>, notre secr\u00e9taire, immortalise les faits et gestes du club.<\/p>\n\n\n\n<p id=\"block-a6e20a43-ad59-4dd6-b82e-dfd1bf25151e\">Ici, on partage, on apprend, on s\u2019inspire et surtout, on photographie ! Que ce soit en sortie sur le terrain, en atelier technique ou autour d\u2019un bon caf\u00e9 \u00e0 commenter nos images, Photoeil86 est avant tout une histoire de regards et d\u2019\u00e9motions.<\/p>\n\n\n\n<p id=\"block-26211b46-5e41-4af2-a930-2e24b71ca42f\">Chaque ann\u00e9e, notre&nbsp;<strong>exposition annuelle<\/strong>&nbsp;met en lumi\u00e8re nos travaux au travers d\u2019un th\u00e8me commun, un espace d\u00e9di\u00e9 aux univers personnels de chacun et un invit\u00e9 d\u2019honneur et cette ann\u00e9e 2025, nous serons encore au rendez-vous\u2026<\/p>\n\n\n\n<p id=\"block-9950126e-8973-44db-a142-1f3557e45840\">Envie de nous rejoindre ? De d\u00e9couvrir nos images ? Ouvrez l\u2019\u0153il\u2026 et venez \u00e0 notre rencontre ! \ud83d\udcf7\u2728<\/p>\n","protected":false},"excerpt":{"rendered":"<p>\ud83d\udcf8 Photoeil86 : L&rsquo;\u0153il aiguis\u00e9 des passionn\u00e9s de photographie \ud83d\udc41\ufe0f Au c\u0153ur de Dissay, Photoeil86 r\u00e9unit une vingtaine de passionn\u00e9s de photographie, amateurs \u00e9clair\u00e9s ou experts chevronn\u00e9s, tous anim\u00e9s par le plaisir de capturer le monde sous un angle unique. Le club est men\u00e9 avec brio par&nbsp;Dominique Lusseau, notre pr\u00e9sident. \u00c0 ses c\u00f4t\u00e9s,&nbsp;Marie Gautreau, tr\u00e9sori\u00e8re [&hellip;]<\/p>\n","protected":false},"author":1,"featured_media":0,"parent":0,"menu_order":0,"comment_status":"closed","ping_status":"closed","template":"","meta":{"footnotes":""},"class_list":["post-41","page","type-page","status-publish","hentry"],"_links":{"self":[{"href":"https:\/\/photoeil86.fr\/index.php\/wp-json\/wp\/v2\/pages\/41","targetHints":{"allow":["GET"]}}],"collection":[{"href":"https:\/\/photoeil86.fr\/index.php\/wp-json\/wp\/v2\/pages"}],"about":[{"href":"https:\/\/photoeil86.fr\/index.php\/wp-json\/wp\/v2\/types\/page"}],"author":[{"embeddable":true,"href":"https:\/\/photoeil86.fr\/index.php\/wp-json\/wp\/v2\/users\/1"}],"replies":[{"embeddable":true,"href":"https:\/\/photoeil86.fr\/index.php\/wp-json\/wp\/v2\/comments?post=41"}],"version-history":[{"count":2,"href":"https:\/\/photoeil86.fr\/index.php\/wp-json\/wp\/v2\/pages\/41\/revisions"}],"predecessor-version":[{"id":44,"href":"https:\/\/photoeil86.fr\/index.php\/wp-json\/wp\/v2\/pages\/41\/revisions\/44"}],"wp:attachment":[{"href":"https:\/\/photoeil86.fr\/index.php\/wp-json\/wp\/v2\/media?parent=41"}],"curies":[{"name":"wp","href":"https:\/\/api.w.org\/{rel}","templated":true}]}}