{"id":317,"date":"2026-03-08T19:36:09","date_gmt":"2026-03-08T18:36:09","guid":{"rendered":"https:\/\/photoeil86.fr\/?page_id=317"},"modified":"2026-03-15T10:52:26","modified_gmt":"2026-03-15T09:52:26","slug":"concours","status":"publish","type":"page","link":"https:\/\/photoeil86.fr\/index.php\/concours\/","title":{"rendered":"Concours"},"content":{"rendered":"\n<p>Phot&rsquo;Oeil86, est un club photo adh\u00e9rent \u00e0 la F\u00e9d\u00e9ration Photographique Fran\u00e7aise. La FPF anime des concours, comp\u00e9titions et formations aupr\u00e8s des diff\u00e9rents clubs adh\u00e9rents. D\u00e9coup\u00e9 en 24 r\u00e9gions, Phot&rsquo;Oeil86 est rattach\u00e9 \u00e0 l&rsquo;Union R\u00e9gionale 3 (UR03) actuellement pr\u00e9sid\u00e9e par Didier Coupeau.<\/p>\n\n\n\n<p>Vous trouverez ci-dessous les historiques des concours UR3 du club. Pour plus de d\u00e9tails consultez le site <a href=\"https:\/\/copain.federation-photo.fr\/webroot\/competitions\/regions\/?ur=03\">des concours de la f\u00e9d\u00e9ration<\/a><\/p>\n\n\n<div><style id=\"wp_carousel_dynamic_css410\">.sp-wp-carousel-free-id-410.wpcf-fancybox-wrapper .fancybox-bg{background: #0b0b0b;opacity: 0.8;}.sp-wp-carousel-free-id-410.wpcf-fancybox-wrapper .fancybox-navigation .fancybox-button .wpcp-fancybox-nav-arrow i {color: #ccc;}.sp-wp-carousel-free-id-410.wpcf-fancybox-wrapper .fancybox-navigation .fancybox-button .wpcp-fancybox-nav-arrow i:hover {color: #fff;}.sp-wp-carousel-free-id-410.wpcf-fancybox-wrapper .fancybox-navigation .fancybox-button {background: #1e1e1e;}.sp-wp-carousel-free-id-410.wpcf-fancybox-wrapper .fancybox-navigation .fancybox-button:hover {background: #1e1e1e;}#sp-wp-carousel-free-id-410 .wpcp-swiper-dots {margin: 40px 0px 0px 0px;}.wpcp-wrapper-410 .swiper-wrapper .swiper-slide-kenburn, .wpcp-wrapper-410 .swiper-wrapper, .wpcp-wrapper-410 .wpcpro-row{align-items: center;}#sp-wp-carousel-free-id-410 .wpcp-single-item {box-shadow: 0px 0px 0px 0px #dddddd;transition: all .3s;margin: 0px;}#sp-wp-carousel-free-id-410.swiper-flip .wpcp-single-item{margin: 0!important;}#sp-wp-carousel-free-id-410 .wpcp-single-item:hover {box-shadow: 0px 0px 0px 0px #dddddd;}#sp-wp-carousel-free-id-410.sp-wpcp-410 .wpcp-single-item {border: 1px solid #dddddd;}#sp-wp-carousel-free-id-410.wpcp-carousel-section.sp-wpcp-410 .swiper-button-prev,#sp-wp-carousel-free-id-410.wpcp-carousel-section.sp-wpcp-410 .swiper-button-next,#sp-wp-carousel-free-id-410.wpcp-carousel-section.sp-wpcp-410 .swiper-button-prev:hover,#sp-wp-carousel-free-id-410.wpcp-carousel-section.sp-wpcp-410 .swiper-button-next:hover {font-size: 18px ; font-weight: 400;}#sp-wp-carousel-free-id-410.sp-wpcp-410 .swiper-button-prev,#sp-wp-carousel-free-id-410.sp-wpcp-410 .swiper-button-next,#sp-wp-carousel-free-id-410.sp-wpcp-410 .swiper-button-prev:hover,#sp-wp-carousel-free-id-410.sp-wpcp-410 .swiper-button-next:hover {background: none;border: none;font-size: 30px;}#sp-wp-carousel-free-id-410.sp-wpcp-410 .swiper-button-prev i,#sp-wp-carousel-free-id-410.sp-wpcp-410 .swiper-button-next i {color: #aaa;}#sp-wp-carousel-free-id-410.sp-wpcp-410 .swiper-button-prev i:hover,#sp-wp-carousel-free-id-410.sp-wpcp-410 .swiper-button-next i:hover {color: #178087;}#sp-wp-carousel-free-id-410.sp-wpcp-410 .wpcp-swiper-dots .swiper-pagination-bullet {background-color: #cccccc;}#sp-wp-carousel-free-id-410.sp-wpcp-410 .wpcp-swiper-dots .swiper-pagination-bullet.swiper-pagination-bullet-active {background-color: #178087;} #sp-wp-carousel-free-id-410.sp-wpcp-410.wpcp-image-carousel .wpcp-single-item:hover img, #sp-wp-carousel-free-id-410.sp-wpcp-410.wpcp-post-carousel .wpcp-single-item:hover img, #sp-wp-carousel-free-id-410.sp-wpcp-410.wpcp-product-carousel .wpcp-single-item:hover img{-webkit-transform: scale(1.2);-moz-transform: scale(1.2);transform: scale(1.2);}.wpcp-carousel-wrapper #sp-wp-carousel-free-id-410.wpcp-post-carousel .wpcp-single-item {background: #f9f9f9;}#sp-wp-carousel-free-id-410 .wpcpro-row>[class*=\"wpcpro-col-\"] { padding: 0 10px; padding-bottom: 20px;} #sp-wp-carousel-free-id-410 .swiper-slide .single-item-fade:not(:last-child) { margin-right: 20px;}@media (min-width: 480px) { .wpcpro-row .wpcpro-col-sm-1 { flex: 0 0 100%; max-width: 100%; } .wpcpro-row .wpcpro-col-sm-2 { flex: 0 0 50%; max-width: 50%; } .wpcpro-row .wpcpro-col-sm-2-5 { flex: 0 0 75%; max-width: 75%; } .wpcpro-row .wpcpro-col-sm-3 { flex: 0 0 33.333%; max-width: 33.333%; } .wpcpro-row .wpcpro-col-sm-4 { flex: 0 0 25%; max-width: 25%; } .wpcpro-row .wpcpro-col-sm-5 { flex: 0 0 20%; max-width: 20%; } .wpcpro-row .wpcpro-col-sm-6 { flex: 0 0 16.66666666666667%; max-width: 16.66666666666667%; } .wpcpro-row .wpcpro-col-sm-7 { flex: 0 0 14.28571428%; max-width: 14.28571428%; } .wpcpro-row .wpcpro-col-sm-8 { flex: 0 0 12.5%; max-width: 12.5%; } } @media (max-width: 480px) { .wpcpro-row .wpcpro-col-xs-1 { flex: 0 0 100%; max-width: 100%; } .wpcpro-row .wpcpro-col-xs-2 { flex: 0 0 50%; max-width: 50%; } .wpcpro-row .wpcpro-col-xs-3 { flex: 0 0 33.222%; max-width: 33.222%; } .wpcpro-row .wpcpro-col-xs-4 { flex: 0 0 25%; max-width: 25%; } .wpcpro-row .wpcpro-col-xs-5 { flex: 0 0 20%; max-width: 20%; } .wpcpro-row .wpcpro-col-xs-6 { flex: 0 0 16.6667%; max-width: 16.6667%; } .wpcpro-row .wpcpro-col-xs-7 { flex: 0 0 14.28571428%; max-width: 14.28571428%; } .wpcpro-row .wpcpro-col-xs-8 { flex: 0 0 12.5%; max-width: 12.5%; } } @media (min-width: 736px) { .wpcpro-row .wpcpro-col-md-1 { flex: 0 0 100%; max-width: 100%; } .wpcpro-row .wpcpro-col-md-2 { flex: 0 0 50%; max-width: 50%; } .wpcpro-row .wpcpro-col-md-2-5 { flex: 0 0 75%; max-width: 75%; } .wpcpro-row .wpcpro-col-md-3 { flex: 0 0 33.333%; max-width: 33.333%; } .wpcpro-row .wpcpro-col-md-4 { flex: 0 0 25%; max-width: 25%; } .wpcpro-row .wpcpro-col-md-5 { flex: 0 0 20%; max-width: 20%; } .wpcpro-row .wpcpro-col-md-6 { flex: 0 0 16.66666666666667%; max-width: 16.66666666666667%; } .wpcpro-row .wpcpro-col-md-7 { flex: 0 0 14.28571428%; max-width: 14.28571428%; } .wpcpro-row .wpcpro-col-md-8 { flex: 0 0 12.5%; max-width: 12.5%; } } @media (min-width: 980px) { .wpcpro-row .wpcpro-col-lg-1 { flex: 0 0 100%; max-width: 100%; } .wpcpro-row .wpcpro-col-lg-2 { flex: 0 0 50%; max-width: 50%; } .wpcpro-row .wpcpro-col-lg-3 { flex: 0 0 33.222%; max-width: 33.222%; } .wpcpro-row .wpcpro-col-lg-4 { flex: 0 0 25%; max-width: 25%; } .wpcpro-row .wpcpro-col-lg-5 { flex: 0 0 20%; max-width: 20%; } .wpcpro-row .wpcpro-col-lg-6 { flex: 0 0 16.6667%; max-width: 16.6667%; } .wpcpro-row .wpcpro-col-lg-7 { flex: 0 0 14.28571428%; max-width: 14.28571428%; } .wpcpro-row .wpcpro-col-lg-8 { flex: 0 0 12.5%; max-width: 12.5%; } } @media (min-width: 1200px) { .wpcpro-row .wpcpro-col-xl-1 { flex: 0 0 100%; max-width: 100%; } .wpcpro-row .wpcpro-col-xl-2 { flex: 0 0 50%; max-width: 50%; } .wpcpro-row .wpcpro-col-xl-3 { flex: 0 0 33.22222222%; max-width: 33.22222222%; } .wpcpro-row .wpcpro-col-xl-4 { flex: 0 0 25%; max-width: 25%; } .wpcpro-row .wpcpro-col-xl-5 { flex: 0 0 20%; max-width: 20%; } .wpcpro-row .wpcpro-col-xl-6 { flex: 0 0 16.66667%; max-width: 16.66667%; } .wpcpro-row .wpcpro-col-xl-7 { flex: 0 0 14.28571428%; max-width: 14.28571428%; } .wpcpro-row .wpcpro-col-xl-8 { flex: 0 0 12.5%; max-width: 12.5%; } }<\/style><div class=\"wpcp-carousel-wrapper wpcp-wrapper-410\">\n\t<div id=\"wpcp-preloader-410\" class=\"wpcp-carousel-preloader\"><img decoding=\"async\" src=\"https:\/\/photoeil86.fr\/wp-content\/plugins\/wp-carousel-free\/public\/css\/spinner.svg\" alt=\"Preloader Image\" \/><\/div>\t<div class=\"wpcp-carousel-content-wrapper\">\n\t<div id=\"sp-wp-carousel-free-id-410\" class=\"wpcp-carousel-section sp-wpcp-410  nav-vertical-center wpcp-post-carousel wpcp-preloader wpcp-standard\" data-swiper='{ &quot;pagination_type&quot;: &quot;dots&quot;,&quot;accessibility&quot;:true, &quot;spaceBetween&quot;:20, &quot;arrows&quot;:true, &quot;freeMode&quot;: false, &quot;autoplay&quot;:true, &quot;effect&quot;: &quot;&quot;, &quot;centerMode&quot;: false, &quot;autoplaySpeed&quot;:3000, &quot;dots&quot;:true, &quot;infinite&quot;:true, &quot;speed&quot;:600, &quot;pauseOnHover&quot;:true,\n\t\t\t&quot;slidesToShow&quot;:{&quot;lg_desktop&quot;:3, &quot;desktop&quot;: 3, &quot;laptop&quot;: 3, &quot;tablet&quot;: 2, &quot;mobile&quot;: 1}, &quot;responsive&quot;:{&quot;desktop&quot;:1200, &quot;laptop&quot;: 980, &quot;tablet&quot;: 736, &quot;mobile&quot;: 480}, &quot;rtl&quot;:false, &quot;lazyLoad&quot;: &quot;false&quot;, &quot;swipe&quot;: true, &quot;draggable&quot;: true, &quot;swipeToSlide&quot;:false }' dir=\"ltr\">\n\t\t<div class=\"swiper-wrapper\">\n\t\t<div class=\"swiper-slide\">\n\t<div class=\"wpcp-single-item\">\n\t\t\t\t<div class=\"wpcp-all-captions\">\n\t\t\t<ul class=\"wpcp-post-meta\">\n\t\t\t\t\t<li><a href=\"https:\/\/photoeil86.fr\/index.php\/author\/admin6609\/\">\n\t\t\tBy PhotOeil86\t\t\t<\/a><\/li>\n\t\t\t\t\t\t\t<li><time class=\"entry-date published updated\" datetime=\"2026-03-15T10:42:39+01:00\">\n\t\t\t\tOn 15 mars 2026\t\t\t<\/time><\/li>\n\t\t\t\t<\/ul>\n\t<h2 class=\"wpcp-post-title\">\n\t<a href=\"https:\/\/photoeil86.fr\/index.php\/2026\/03\/15\/concours-2026-nature\/\">\n\t\tConcours 2026 &#8211; Nature\t<\/a>\n<\/h2>\n\t<div class='wpcp-post-content'>\n\t<p>Un classement plus dur que sur le N&amp;B et la Couleur 2026. Avec un classement du club en cinqui\u00e8me place sur sept et au moins une place dans le top dix des oeuvres avec la photo de la manifique grenouille de Laurent. Titre Auteur UR Club Juge 1 Juge 2 Juge 3 Total Place M\u00e9daille [&hellip;]<\/p>\n<\/div>\n\t\t<\/div>\n\t<\/div>\n<\/div>\n<div class=\"swiper-slide\">\n\t<div class=\"wpcp-single-item\">\n\t\t\t\t<div class=\"wpcp-all-captions\">\n\t\t\t<ul class=\"wpcp-post-meta\">\n\t\t\t\t\t<li><a href=\"https:\/\/photoeil86.fr\/index.php\/author\/admin6609\/\">\n\t\t\tBy PhotOeil86\t\t\t<\/a><\/li>\n\t\t\t\t\t\t\t<li><time class=\"entry-date published updated\" datetime=\"2026-03-15T10:32:40+01:00\">\n\t\t\t\tOn 15 mars 2026\t\t\t<\/time><\/li>\n\t\t\t\t<\/ul>\n\t<h2 class=\"wpcp-post-title\">\n\t<a href=\"https:\/\/photoeil86.fr\/index.php\/2026\/03\/15\/concours-2026-couleur\/\">\n\t\tConcours 2026 \u2013 Couleur\t<\/a>\n<\/h2>\n\t<div class='wpcp-post-content'>\n\t<p>Une nouvelle fois le club se positionne dans le classement au troisi\u00e8me rang. UR Club Total Rang 03 1219 &#8211; Les Amis de L&rsquo;image Fontaine le Comte 321 1 03 2300 &#8211; Vie Sauvage 306 2 03 1484 &#8211; Photo Club SNCF Saintes 299 3 03 2169 &#8211; Phot&rsquo;Oeil 86 299 3 Le classement des [&hellip;]<\/p>\n<\/div>\n\t\t<\/div>\n\t<\/div>\n<\/div>\n<div class=\"swiper-slide\">\n\t<div class=\"wpcp-single-item\">\n\t\t\t\t<div class=\"wpcp-all-captions\">\n\t\t\t<ul class=\"wpcp-post-meta\">\n\t\t\t\t\t<li><a href=\"https:\/\/photoeil86.fr\/index.php\/author\/admin6609\/\">\n\t\t\tBy PhotOeil86\t\t\t<\/a><\/li>\n\t\t\t\t\t\t\t<li><time class=\"entry-date published updated\" datetime=\"2026-03-08T19:35:35+01:00\">\n\t\t\t\tOn 8 mars 2026\t\t\t<\/time><\/li>\n\t\t\t\t<\/ul>\n\t<h2 class=\"wpcp-post-title\">\n\t<a href=\"https:\/\/photoeil86.fr\/index.php\/2026\/03\/08\/concours-2026-monochrome\/\">\n\t\tConcours 2026 &#8211; Monochrome\t<\/a>\n<\/h2>\n\t<div class='wpcp-post-content'>\n\t<p>Cette ann\u00e9e f\u00fbt tr\u00e8s bonne pour le club Phot&rsquo;oeil86 o\u00f9 nous avons atteint la premi\u00e8re place des clubs photo de l&rsquo;UR3, avec 301 points ! Quant au classement des auteurs, le club est pr\u00e9sent sur le podium, gr\u00e2ce au travail de Dominique et Jean-Fran\u00e7ois. Enfin du point de vue du classement par oeuvre, Dominique raffle [&hellip;]<\/p>\n<\/div>\n\t\t<\/div>\n\t<\/div>\n<\/div>\n\t\t<\/div>\n\t\t\t\t\t<div class=\"wpcp-swiper-dots swiper-pagination\"><\/div>\n\t\t\t\t<!-- If we need navigation buttons -->\n\t\t\t\t\t<div class=\"wpcp-prev-button swiper-button-prev\"><i class=\"fa fa-angle-left\"><\/i><\/div>\n\t\t\t<div class=\"wpcp-next-button swiper-button-next\"><i class=\"fa fa-angle-right\"><\/i><\/div>\n\t\t\t<\/div>\n\t<\/div>\n<\/div>\n<\/div>\n\n\n<p><\/p>\n","protected":false},"excerpt":{"rendered":"<p>Phot&rsquo;Oeil86, est un club photo adh\u00e9rent \u00e0 la F\u00e9d\u00e9ration Photographique Fran\u00e7aise. La FPF anime des concours, comp\u00e9titions et formations aupr\u00e8s des diff\u00e9rents clubs adh\u00e9rents. D\u00e9coup\u00e9 en 24 r\u00e9gions, Phot&rsquo;Oeil86 est rattach\u00e9 \u00e0 l&rsquo;Union R\u00e9gionale 3 (UR03) actuellement pr\u00e9sid\u00e9e par Didier Coupeau. Vous trouverez ci-dessous les historiques des concours UR3 du club. Pour plus de d\u00e9tails [&hellip;]<\/p>\n","protected":false},"author":1,"featured_media":0,"parent":0,"menu_order":0,"comment_status":"closed","ping_status":"closed","template":"","meta":{"footnotes":""},"class_list":["post-317","page","type-page","status-publish","hentry"],"_links":{"self":[{"href":"https:\/\/photoeil86.fr\/index.php\/wp-json\/wp\/v2\/pages\/317","targetHints":{"allow":["GET"]}}],"collection":[{"href":"https:\/\/photoeil86.fr\/index.php\/wp-json\/wp\/v2\/pages"}],"about":[{"href":"https:\/\/photoeil86.fr\/index.php\/wp-json\/wp\/v2\/types\/page"}],"author":[{"embeddable":true,"href":"https:\/\/photoeil86.fr\/index.php\/wp-json\/wp\/v2\/users\/1"}],"replies":[{"embeddable":true,"href":"https:\/\/photoeil86.fr\/index.php\/wp-json\/wp\/v2\/comments?post=317"}],"version-history":[{"count":6,"href":"https:\/\/photoeil86.fr\/index.php\/wp-json\/wp\/v2\/pages\/317\/revisions"}],"predecessor-version":[{"id":423,"href":"https:\/\/photoeil86.fr\/index.php\/wp-json\/wp\/v2\/pages\/317\/revisions\/423"}],"wp:attachment":[{"href":"https:\/\/photoeil86.fr\/index.php\/wp-json\/wp\/v2\/media?parent=317"}],"curies":[{"name":"wp","href":"https:\/\/api.w.org\/{rel}","templated":true}]}}